0 = 5*w - 24 - 1. Suppose -74 = -w*r + 3*r + 4*h, -164 = -4*r + 4*h. What are the prime factors of r?
3, 5
Suppose 3*p - 3 - 9 = 0. Suppose -4*m - 280 = -712. Suppose -n + m = p*a - 12, -2*a + 78 = 5*n. List the prime factors of a.
29
Let m be (1 + (-202)/(-4))/(3/6). Suppose -m = -o + 48. List the prime factors of o.
151
Suppose -q = -5*q + 16. Let m be q - (1 + -1 + 2). Suppose 3 + 6 = -3*l, m*l = -3*u + 63. What are the prime factors of u?
23
Suppose 0 = -5*o - 2 - 8. Let v = o + 5. Suppose -x - 28 + 2 = -a, v*x = 2*a - 52. What are the prime factors of a?
2, 13
Suppose 27*h = 29*h. Suppose 4*f - 136 = 5*g + 328, h = -4*g. What are the prime factors of f?
2, 29
Let z be (42/28)/(((-9)/14)/(-3)). Let w(m) = -m**3 + 3*m**2 + 5*m - 4. Let o be w(4). Suppose o = 6*p - z*p + 34. What are the prime factors of p?
2, 17
Let k(v) = 5*v - 1. Let m be k(1). Suppose -124 = 8*c - m*c. Let p = c + 56. What are the prime factors of p?
5
Let f(g) = g + 4 + 3*g - 5*g + 5. Let o be f(4). Suppose 2*j + 2*j + 28 = o*l, 4*l + j - 14 = 0. List the prime factors of l.
2
Suppose 4*c = 5*w + 1504, 4*c + 320 = 3*w - 4*w. Let u = 431 + w. List the prime factors of 26/(-65) + u/5.
5
Suppose z + 5*h = 244, 16*z + 2*h = 17*z - 244. What are the prime factors of z?
2, 61
Let p = 2381 - 838. List the prime factors of p.
1543
Suppose -1098 = -2*m + 4*u, -3*m + 4*u - 567 = -4*m. What are the prime factors of m?
3, 5, 37
Let a(w) = 175*w - 9. Let f be a(8). Suppose 5*v = 4*g + f, v - g = -2*v + 836. List the prime factors of v.
3, 31
Let c = 545 - -837. What are the prime factors of c?
2, 691
Let x(h) = h**3 + 14*h**2 - 2*h + 1. Suppose 5*u - 44 = 71. Suppose -9 = -r - u. List the prime factors of x(r).
29
Let q(h) = -2*h + 3. Let n be q(-8). Suppose 0*l + 4161 = n*l. List the prime factors of l.
3, 73
Let b(y) = -y**3 - 13*y**2 + 5. Let p be b(-13). Suppose -2*w + 106 = -5*t, -p*t = -w - 14 + 62. Let z = -33 + w. List the prime factors of z.
5
Suppose 0 = -2*b - 5*c - 4, -2*b - c = 2*c. Suppose -2*v - 168 = -b*r - 5*v, -2*r + 112 = 5*v. What are the prime factors of r?
2, 7
Let q = 119 - 69. Let j = q + -38. List the prime factors of j.
2, 3
Let r(y) = 30*y - 57. Let v(u) = -u + 1. Let f(b) = r(b) + 5*v(b). List the prime factors of f(11).
223
Let z(v) = -10*v - 30. Let y be z(-3). Suppose 18*t - 2489 - 1489 = y. What are the prime factors of t?
13, 17
Let j be 2/(-8) - (-52)/16. Suppose -4*d - 116 = n - j*n, 0 = 5*n - d - 326. What are the prime factors of n?
2, 3, 11
Suppose 3*a + 2*n = 360, 4*a - 7*a - n + 363 = 0. Let l = a + -36. List the prime factors of l.
2, 43
Suppose -23*u + 14*u = -35010. List the prime factors of u.
2, 5, 389
Let w(o) = 2*o**2 + 8*o + 6. Let q be w(8). Let y = q + -48. What are the prime factors of y?
2, 3, 5
Let h = 57 + -54. Suppose -5*s + 4*y = -239, 0*s - 4*y + 137 = h*s. What are the prime factors of s?
47
Let k(a) = -a**3 + 7*a**2 - 2*a - 5. Let z be k(6). Let v = 39 - z. Suppose 0*w + v = 2*w. List the prime factors of w.
2, 5
Let p(q) = 3*q - 11. Let d be p(12). Suppose -2*y + 4*b + 12 = 0, 5*y + b + d = -0*b. Let k = y - -18. What are the prime factors of k?
2, 7
Let j be (5/(-4))/(5/(-80)). What are the prime factors of -4*74*(-5)/j?
2, 37
Let n(a) = 3*a**2 - 9*a - 27. Let s be n(-6). Suppose 0*w + 2*w = 4*d + 54, 5*w - 2*d - s = 0. List the prime factors of w.
3
Suppose 0 = 7*g - 2550 - 1622. What are the prime factors of g?
2, 149
Let c(b) = -2*b**3 + b**2 - 17*b - 32. What are the prime factors of c(-6)?
2, 269
Let f(o) = -2*o**2 + 5*o + 3. Let m be f(-2). What are the prime factors of ((-18)/m)/(8/25)*36?
3, 5
Let v(h) = 184*h - 263. What are the prime factors of v(10)?
19, 83
What are the prime factors of ((-12)/(-15))/(7/3150)?
2, 3, 5
Let w = 195 + -87. Let p = 66 + -42. Suppose -3*a + w - p = 0. What are the prime factors of a?
2, 7
Suppose 5*b + 5*p - 26 - 74 = 0, 55 = 5*b - 4*p. List the prime factors of (27/(-6))/(b/(-260)).
2, 3, 13
Let q be 7 - (6 + -2 - 5). Let g(n) = 2*n**2 - 3*n + 29. List the prime factors of g(q).
7, 19
Let a = -5 - -8. Let k be (-3 - (-28)/12)*a. What are the prime factors of 33/k*10/(-3)?
5, 11
Let k(j) = -12*j**3 + 3*j**2 - 37*j - 77. What are the prime factors of k(-5)?
3, 11, 17
Let r(a) = -a**2 - 12*a + 10. Let f be r(-10). Let k(b) = -b**3 + 14*b**2 - b + 17. Let u be k(14). Suppose -u*x = -4*x + f. List the prime factors of x.
2, 3, 5
Let p = -1929 - -2120. List the prime factors of p.
191
Let s = 6940 - 2848. List the prime factors of s.
2, 3, 11, 31
Suppose -10 = -f - 4*f. Suppose l + 3*v + 36 = 0, 2*l - f*v + 75 = -37. Let k = -28 - l. What are the prime factors of k?
23
List the prime factors of -6*(74476/129)/(-1*2).
2, 433
Suppose -2*t = -3*z + 188 - 1781, 0 = 3*z - 5*t + 1593. Let d = z - -854. List the prime factors of d.
17, 19
Let s(v) = -125*v**3 - 5*v**2 - 6*v - 2. List the prime factors of s(-1).
2, 31
Suppose -o + 212 = -0*o + 2*r, 0 = -5*o + r + 1093. Let p = -107 + o. What are the prime factors of p?
3, 37
Let i = -32 + 36. Suppose -r + 44 + 79 = -5*p, 4*p - 396 = -i*r. Suppose 3 = t, -2*t = 5*u - 6*t - r. What are the prime factors of u?
23
Let p(m) = -8*m**3 - 15*m**2 + 12*m + 3. Let h(i) = -7*i**3 - 15*i**2 + 11*i + 2. Let k(f) = 7*h(f) - 6*p(f). What are the prime factors of k(-16)?
2, 43
Suppose 22 = 3*r - 11. Let n = r - -4. Let w = 21 - n. What are the prime factors of w?
2, 3
Let u(g) = 108*g + 283. What are the prime factors of u(8)?
31, 37
Suppose -6*b + 3*b - 2*m - 106 = 0, 8 = -4*m. List the prime factors of b/((3/(-15))/(6/15)).
2, 17
Let n = 62 + -26. Suppose 5 = -5*u + 6*u. Suppose -v - 4*v = 0, 0 = 2*c - u*v - n. What are the prime factors of c?
2, 3
What are the prime factors of (-4078)/(-6) + 1 + 4/(-6)?
2, 5, 17
Suppose -m = -1 + 2, -2*m = -3*s + 107. Suppose -t + s = 2*p - p, -23 = -t + 5*p. List the prime factors of t.
3, 11
Let x(m) = -41*m + 33. Let n = 89 + -92. List the prime factors of x(n).
2, 3, 13
Let g(u) = -u**2 + 10*u - 5. Let v be g(9). Suppose -3 + 15 = v*w. Suppose 0 = w*j - 4*p - 85 - 74, -4*p + 135 = 3*j. List the prime factors of j.
7
Suppose 0 = t - 3*t - 6. Let u = 25 - t. Let l = u + -20. What are the prime factors of l?
2
Let r = -71 - -46. Suppose 0 = -2*f + 50 - 46. What are the prime factors of f/(-5) - 210/r?
2
Let k(z) = z**2 + 5*z. Suppose -2 = -4*x + 6. Suppose 0 = -p - 6 - x. List the prime factors of k(p).
2, 3
Let n = -849 + 1437. List the prime factors of n.
2, 3, 7
Let p = -8 - -66. Suppose 0 = -k - 4*n + p, -2*n + 3*n - 207 = -3*k. What are the prime factors of k?
2, 5, 7
Suppose -3*q + 2*c + c = 3, 5*c - 11 = 2*q. Suppose -2*h = q*h. Suppose n - 6 = -h. List the prime factors of n.
2, 3
Let p(m) = -92*m + 8. Let s be p(-2). Let t = s + -110. What are the prime factors of t?
2, 41
Let p(j) = -3*j + 13. Let v be p(6). What are the prime factors of ((-36)/v)/(8/60)?
2, 3
Let d(i) = -20*i**3 + 2*i**2 + 5*i + 2. What are the prime factors of d(-1)?
19
Let r(c) = 6*c**3 - 1. Let a(u) = u - 6. Let m be a(7). Let p be r(m). Let o = 11 - p. List the prime factors of o.
2, 3
Let a = -8 - -10. Suppose 2 = 4*k + z, -a*k = -0*k + 3*z - 6. Suppose v - 4*v + 39 = k. What are the prime factors of v?
13
Suppose x = -5*q + 1679, 0 = -2*q + 4*x + 90 + 586. Suppose -113*s = -110*s - q. List the prime factors of s.
2, 7
Let f be 0*(7/(-3) - -2). Let l(b) = -b**2 - 8*b - 7. Let u be l(-7). Suppose u = -f*d - 5*d + 135. What are the prime factors of d?
3
Let x be 9/(-54) - 161/6. Let p be 92/9 + 6/x. Let g = 12 - p. List the prime factors of g.
2
Let s(v) = -3*v - 116. List the prime factors of s(-40).
2
Let l = -463 - -305. What are the prime factors of 5/(-5)*(l + -1 + -3)?
2, 3
Let q = 5 + 84. List the prime factors of q.
89
Let u(d) = 5*d - d - 4*d - 6 - 2*d. Let r be u(-6). Suppose -3*k = -5*v - 111, k = -r*v + v + 57. What are the prime factors of k?
2, 3, 7
Suppose 0*c - 4*c = 0. Let p(h) = 0*h - h + c - h**3 + 12 + 2*h**3. What are the prime factors of p(0)?
2, 3
Let q = -52 + 27. Suppose 0 = -685*c + 675*c - 190. Let d = c - q. What are the prime factors of d?
2, 3
Let b(o) = -2902*o - 122. What are the prime factors of b(-1)?
2, 5, 139
Let z(k) = 12*k**2 + 12*k - 15. What are the prime factors of z(-8)?
3, 73
Suppose 12*l = 6*l + 